valuate (2 + -1 - 1) + -4 + 0.
-4
What is -12 + 8 + -8 - -3?
-9
Evaluate 20 - 25 - (0 - 7).
2
What is 0 + (-5 - (-1 - 2)) - -6?
4
What is the value of 2 - (4 - (7 + -1 + -2))?
2
What is (-8 - (-7 - -2)) + 2?
-1
What is 8 + -21 - -11 - 0?
-2
What is -1 - (-4 + 1 + 2 - 2)?
2
What is 13 + -16 + -2 + 1?
-4
What is (-3 - (-3 + (-4 - -5))) + 5?
4
Evaluate 9 + -11 + (1 - -1 - 2).
-2
Evaluate (-3 - (-10 + 1 + 3)) + -4.
-1
What is the value of -5 + (2 + (-6 - -8) - 3)?
-4
Evaluate -8 - -7 - (3 + -1).
-3
(0 - 1 - -1) + -4
-4
What is the value of (19 - 8) + -24 + 7?
-6
What is the value of -1 + -3 + 1 + 4?
1
(-3 - -6) + (0 - 0)
3
6 - -10 - 4 - 12
0
What is -1 + (8 + -9 - -2) + 3?
3
What is (1 - -1) + 8 + (-9 - 2)?
-1
Evaluate -11 - -3 - (8 + -13).
-3
What is the value of (5 - 2 - -2) + 0 + -3?
2
What is -22 - -19 - (0 - (-9 + 2))?
-10
What is -15 - -4 - (9 - 19)?
-1
What is (-21 - -27) + 0 + 1?
7
What is -2 + (-4 - -7) + -2 + 2?
1
Calculate (-3 - (-6 - -5)) + 3.
1
Evaluate -10 + 9 + -5 + 2.
-4
(-3 - 2) + -7 + 16
4
3 - (10 + (-6 - 8))
7
-4 - ((1 - -4) + (1 - 15))
5
Evaluate 1 - (-2 - -3) - (3 - 0).
-3
Evaluate (-15 - -10) + 12 - (4 + 0).
3
Evaluate 3 - (3 + -1 - -5).
-4
2 - -5 - (-4 + (-7 - -9))
9
Calculate (0 + -1 - 3) + (213 - 212).
-3
Evaluate 12 + -11 + -8 + 1 + -3.
-9
9 + -11 + -2 + 3 + -2
-3
(-1 + -4 - -1) + 0 + 4
0
Evaluate 4 + -4 + (6 - 3).
3
Evaluate (9 - (7 + -2)) + -2.
2
Calculate 0 + (-7 - -6 - -6).
5
What is the value of 2 - 5 - (-5 + 4)?
-2
Evaluate 2 + (-14 - -5) + 2.
-5
Evaluate 8 - 6 - 8 - -11.
5
What is -4 + -2 - (-85 + 78)?
1
What is 0 - -2 - (2 + (3 - 7))?
4
What is the value of 44 - 58 - (-6 - 1)?
-7
What is the value of -13 - (6 + 5 - 16)?
-8
What is (-6 - -2 - -3) + -1?
-2
5 - (-7 - -2 - (2 - 7))
5
What is the value of -5 + 0 + 5 - (-1 - 2)?
3
Evaluate (2 - 6) + -9 + 14.
1
Evaluate 22 - (22 + -9) - 9.
0
Evaluate (6 - 0 - 0) + -3.
3
What is the value of (-1 + -1 - -11) + 1?
10
Calculate 5 + 3 + -5 - 1.
2
Evaluate -1 + 1 + 0 + (-1071 - -1077).
6
Calculate 5 + (-8 - -4 - 0 - 3).
-2
Calculate 2 + 4 - (-2 - (-9 + 9)).
8
What is the value of -2 + 3 + (-3 - -3) + 2?
3
What is the value of 7 + -1 + (7 - (1 - -8))?
4
Calculate (-1 - (-7 + 16)) + 13.
3
What is 3 - (-3 + (-4 - (-7 - 0)))?
3
What is the value of 6 + 3 + -5 - (6 - 2)?
0
What is the value of (-2 - 1) + 1 - -4 - -1?
3
What is the value of -12 + 7 + 4 + 2?
1
1 - (-6 + 8 + 2)
-3
-20 + 23 + 4 + -3
4
What is 4 + (-3 - 3) + 2?
0
(0 - 2 - -1) + -2
-3
-5 - ((-20 - -7) + 6)
2
Calculate 0 + (-8 - (-2 + 3) - 0).
-9
What is (-1 - -4) + -3 + 0?
0
What is 4 - (5 + -3 - -3 - 3)?
2
Calculate -4 - (-2 - 2 - -1).
-1
1 + 1 - (1 - 2) - 8
-5
Evaluate 1 - ((5 + -8 - 0) + -1).
5
What is 7 - (6 - (10 + -19))?
-8
What is 6 + -5 + -4 + 2 - -2?
1
Calculate -4 + 5 - (0 + -1).
2
Evaluate (-4 - (-5 - -3)) + (-4 - -2).
-4
Calculate (3 - -10) + -11 + 7.
9
Evaluate -6 - ((-5 - -2) + 5 - 4).
-4
What is (-2 - 0) + 2 - -3?
3
Evaluate -5 + (7 - 8) + (3 - 1).
-4
8 + -11 + -2 + (-1 - -2)
-4
Evaluate 7 + (2 - (-7 - -12)).
4
What is the value of -29 + 35 + (1 - 4) + -1?
2
Evaluate 4 + -14 - (-2 - 3) - -2.
-3
4 + 0 + -12 - (48 + -46)
-10
What is the value of 2 - (-7 + (1 - -3))?
5
What is 5 + 3 - (5 + -2)?
5
Calculate 9 + (1 + -3 - 3).
4
What is the value of 14 + -6 + -4 + -4 + 0?
0
What is 4 + 0 + (-10 - -7)?
1
What is the value of 2 + (-1 + 4 - -2 - 4)?
3
Calculate -6 - (-1 + -6) - -4.
5
What is the value of (-9 - (4 + -15)) + -8?
-6
Calculate -8 + -1 + 8 + 7.
6
Calculate 3 + -1 + (7 - 7).
2
What is the value of 1 + -7 + -1 - (35 - 37)?
-5
What is the value of 5 + -8 + 1 + 1 - -5?
4
What is the value of -2 - (-5 + (4 - -4))?
-5
What is the value of -9 - -2 - ((9 - 8) + -2)?
-6
Calculate -2 - 0 - 0 - (41 - 47).
4
Calculate 1 + (-7 - (-11 + 3)).
2
Evaluate 5 - (1 + 3) - (4 - 0).
-3
Evaluate -1 - (2 + -8 - -2).
3
What is the value of 3 - (6 - -1) - (-12 + 12)?
-4
Evaluate 1 + -6 + (9 - (8 + -4)).
0
Calculate (0 - 3 - 2 - -4) + -3.
-4
What is (11 - (5 + 5)) + 1?
2
What is -42 - -51 - (-1 - -7)?
3
Calculate 4 + (1 - (-2 - -4)).
3
What is the value of 3 + -12 + -3 - -18?
6
What is the value of -58 - -47 - (-1 + -16)?
6
What is the value of -12 - -17 - (1 + 6)?
-2
Calculate 3 - (-4 - -6 - (5 + -1)).
5
3 + (0 - 3) + 1
1
What is -6 + -7 + 18 + -6?
-1
What is the value of 3 - (-2 + (4 - 4))?
5
What is the value of -3 + (7 - 17 - -11)?
-2
What is (-8 - (-2 - -5)) + 12?
1
What is the value of (-18 - -6) + 10 + 0?
-2
Calculate (-7 - -1) + -8 + 12.
-2
Evaluate (-16 - (4 - 17)) + (-1 - 4).
-8
What is 4 + 3 + -4 + 2 + -5?
0
19 - 17 - (-1 - 2)
5
Evaluate 9 + (-3 - 16) - -5.
-5
What is (-2 - 0) + (-6 - -11) + 0?
3
What is (5 - 1) + -4 - -4 - 0?
4
3 + -3 - 1 - (5 - 1)
-5
What is the value of -3 - ((-2 - (3 - 7)) + -2)?
-3
What is the value of 2 - ((8 - 8) + -8)?
10
What is the value of 2 - -13 - (11 + -3)?
7
Evaluate (2 - 1) + 5 - 5.
1
6 - (2 + -1) - (11 - 3)
-3
What is (11 + -13 - 9) + 20?
9
Calculate 0 + 0 - 3 - 1.
-4
What is the value of 6 + 1 - 0 - (-64 + 67)?
4
2 - (-5 + (-5 - -19))
-7
(3 - (0 + -2)) + -2 + -6
-3
What is the value of (1 - (1 + -3)) + 28 + -29?
2
-2 + (-2 - 2) - (4 - 8)
-2
What is the value of -24 + 16 + 1 + 3 + 1?
-3
What is 0 - (2 - (0 + 0))?
-2
What is the value of -6 + (18 - 5) - (15 - 0)?
-8
What is 9 + -1 - (62 - 58)?
4
What is -3 + 4 + (9 - 8)?
2
-4 - (-5 - (0 - (0 - -3)))
-2
Calculate -11 + 17 + (0 - 1) - 4.
1
Calculate 8 + 3 + -6 + -7.
-2
(-2 + -5 - -1) + 11
5
Evaluate -15 - (-7 - (4 - 3)).
-7
(1 - -4) + (7 - (28 + -11))
-5
-9 - (-6 + 3) - (-3 - 2)
-1
(-4 - 4) + (4 - -10)
6
What is the value of -8 - (-5 - 7) - 14?
-10
What is 9 + (-7 - 17) + 9?
-6
Calculate 4 + 0 - (4 + (2 - 2)).
0
What is the value of 2 - (-5 - -7 - -1)?
-1
What is the value of (3 - -2 - -1) + (-2 - -1)?
5
What is the value of -13 + 2 + -2 + 52 + -44?
-5
What is the value of -14 - -7 - (1 - 5)?
-3
Calculate 5 - (-1 + (9 - 3)).
0
Calculate 7 - ((-3 - 1) + (3 - -3)).
5
Evaluate 9 + (-25 - -11) + -3.
-8
What is 0 + 2 + -9 + 7?
0
What is (0 - -4) + 3 - (-3 - -9)?
1
-2 - (0 - -5) - -9
2
Calculate 4 + 1 + (10 + -3 - 8).
4
Evaluate 2 + -5 - -4 - -1.
2
What is the value of (-5 + 8 - 7) + 11?
7
Calculate 1 - (-16 + 5 - -7).
5
What is -13 + 4 - (3 - 6)?
-6
What is 6 - (1 - 8 - (-47 + 30))?
-4
What is the value of (1 - (0 - -5)) + 2?
-2
Calculate (-205 - -199) + 0 + (-2 - -1).
-7
What is 142 - 142 - (1 - (-1 - 0))?
-2
Calculate 9 + -5 + -4 - 0.
0
8 + (-4 - (-2 + 0))
6
What is -11 - (11 + -13 + -3)?
-6
What is 6 + -15 + 0 + 6 + -3?
-6
What is (1 - 4) + -2 + (-14 - -14)?
-5
What is -2 + 0 + -100 + 94 + 1?
-7
Calculate 10 + -6 + 1 + 4 + -2.
7
0 + 2 + -3 + (-1 - -3)
1
What is the value of 0 - -6 - (9 + -4)?
1
-2 + (-2 - -4) + 0
0
Evaluate 5 - 4 - (4 + -3 - 1).
1
Calculate 2 + (-7 - -3) - 1.
-3
What is 4 + (-2 + -1 + -1 - -5)?
5
4 - (6 + (-2 - 1)) - 2
-1
What is (2 - 22 - -18) + (1 - 5)?
-6
What is the value of 9 + 0 - (19 + 0 - 14)?
4
What is the value of -7 + 7 + -4 + 3 + 3?
2
Evaluate -3 - (-2 - (7 - 8)).
-2
What is the value of 4 + -3 + (3 - (2 + 2))?
0
(31 + -20 - (6 + -1)) + -7
-1
-5 + -1 + 17 - 8
3
What is the value of 2 + -7 + (-1 - -2) + 10?
6
What is 5 + -3 + 1 + -5?
-2
What is the value of -1 + (0 - (-5 - 1))?
5
Evaluate (-1 - (-6 - -10 - 8)) + -2.
1
Evaluate -9 + 8 + (-1 - (-4 - -2)).
0
-1 - (3 + -3 + -2 + 3)
-2
What is (3 - 3 - 0) + (-2 - -1)?
-1
Calculate 3 + -1 - 3 - -1 - -2.
2
Calculate -5 + (-6 - (6 + -12)).
-5
Evaluate (4 - 1) + -3 + 5.
5
-9 - ((3 - 0) + -10)
-2
Evaluate 6 + -4 + (4 - 3).
3
Evaluate -5 + -7 + 2 + 7.
-3
What is the value of 7 - (-2 - (-9 + (1 - -2)))?
3
What is -19 - -16 - (-1 + 3 + 0)?
-5
Evaluate 18 + -11 + (-4 - -4 - 3).
4
What is the value of (-3 - -1) + -8 + 11?
1
What is the value of 0 - (1 - -2) - (-2 - 2)?
1
Calculate 10 + -28 + 13 + 11.
6
What is the value of (2 - 0) + (-4 - (4 - 11))?
5
Evaluate -8 - -5 - (-3 + 1 - 0).
-1
What is the value of -5 + 3 + 9 + 1 + -2?
6
What is 5 + (1 - 3) + (7 - 2)?
8
What is the value of (2 - 12) + (-43 - -63)?
10
What is (-3 - -5) + -4 + 5?
3
(14 - 5 - 4) + (-1 - -1)
5
What is the value of 8 - (0 - -7 - (5 + -1))?
5
(-2 - (3 + 1 + -10)) + -2
2
What is the value of 9 + (-5 - (-3 - 1) - 1)?
7
Calculate -5 - -3 - 1 - 3.
-6
What is the value of 1 + -21 - (-27 + 17)?
-10
Evaluate (